{"id":1616,"date":"2024-11-28T17:55:46","date_gmt":"2024-11-28T16:55:46","guid":{"rendered":"https:\/\/enaip.it\/?page_id=1616"},"modified":"2025-06-25T15:37:48","modified_gmt":"2025-06-25T13:37:48","slug":"modello-formativo","status":"publish","type":"page","link":"https:\/\/enaip.it\/?page_id=1616","title":{"rendered":"Modello Formativo"},"content":{"rendered":"\t\t<div data-elementor-type=\"wp-page\" data-elementor-id=\"1616\" class=\"elementor elementor-1616\" data-elementor-post-type=\"page\">\n\t\t\t\t<div class=\"elementor-element elementor-element-885723f e-con-full e-flex e-con e-parent\" data-id=\"885723f\" data-element_type=\"container\" data-e-type=\"container\" data-settings=\"{&quot;background_background&quot;:&quot;classic&quot;}\">\n\t\t\t\t<div class=\"elementor-element elementor-element-59122ac elementor-widget elementor-widget-heading\" data-id=\"59122ac\" data-element_type=\"widget\" data-e-type=\"widget\" data-widget_type=\"heading.default\">\n\t\t\t\t<div class=\"elementor-widget-container\">\n\t\t\t\t\t<h3 class=\"elementor-heading-title elementor-size-default\">Il modello formativo\ndi ENAIP<\/h3>\t\t\t\t<\/div>\n\t\t\t\t<\/div>\n\t\t\t\t<\/div>\n\t\t<div class=\"elementor-element elementor-element-87b7172 e-flex e-con-boxed e-con e-parent\" data-id=\"87b7172\" data-element_type=\"container\" data-e-type=\"container\">\n\t\t\t\t\t<div class=\"e-con-inner\">\n\t\t\t\t<div class=\"elementor-element elementor-element-10f5fab elementor-widget elementor-widget-spacer\" data-id=\"10f5fab\" data-element_type=\"widget\" data-e-type=\"widget\" data-widget_type=\"spacer.default\">\n\t\t\t\t<div class=\"elementor-widget-container\">\n\t\t\t\t\t\t\t<div class=\"elementor-spacer\">\n\t\t\t<div class=\"elementor-spacer-inner\"><\/div>\n\t\t<\/div>\n\t\t\t\t\t\t<\/div>\n\t\t\t\t<\/div>\n\t\t\t\t\t<\/div>\n\t\t\t\t<\/div>\n\t\t<div class=\"elementor-element elementor-element-1f5adc7 e-flex e-con-boxed e-con e-parent\" data-id=\"1f5adc7\" data-element_type=\"container\" data-e-type=\"container\">\n\t\t\t\t\t<div class=\"e-con-inner\">\n\t\t\t\t<div class=\"elementor-element elementor-element-98b671e elementor-widget elementor-widget-text-editor\" data-id=\"98b671e\" data-element_type=\"widget\" data-e-type=\"widget\" data-widget_type=\"text-editor.default\">\n\t\t\t\t<div class=\"elementor-widget-container\">\n\t\t\t\t\t\t\t\t\t<p>La forza di ENAIP \u00e8 la sua capacit\u00e0 di coniugare l\u2019innovazione metodologica e gli approcci pi\u00f9 moderni all\u2019insegnamento e all\u2019apprendimento, con la solida tradizione di un progetto educativo e formativo che \u00e8 tuttora guida e ispirazione del nostro lavoro. La qualit\u00e0 del servizio offerto \u00e8 data dal modello didattico-pedagogico che poggia sui seguenti punti di forza: <strong>didattica laboratoriale e WBL work based learning\u00a0 <\/strong>cio\u00e8 esperienze di apprendimento strettamente connesse con il lavoro, come ad esempio l\u2019apprendistato, i corsi svolti in sistema duale, i tirocini, le work experiences<strong>.<\/strong><\/p><p>Il <strong>WBL e la didattica laboratoriale<\/strong> sono, quindi, il cardine distintivo del fare formazione ENAIP, contesti di apprendimento per eccellenza in cui si realizza la cosiddetta equivalenza professionale, dove gli allievi si misurano con situazioni lavorative concrete, costruendo la loro professionalit\u00e0 e consolidando le loro competenze (didattica laboratoriale).<br \/><br \/>I percorsi formativi rivolti ai giovani sono destinati prevalentemente a sviluppare, oltre alle conoscenze di base, competenze di ispirazione europea, tra cui quelle di autoimprenditorialit\u00e0 e accompagnano allo sviluppo di start up.<\/p><p>I centri formativi di ENAIP possiedono <strong>una lunghissima e radicata tradizione nello svolgimento di corsi in modalit\u00e0 duale<\/strong> avendo partecipato in via diretta alle prime sperimentazioni del sistema, avviate in Italia gi\u00e0 nel 2014\/2015 quando il sistema duale \u00e8 stato introdotto nel nostro Paese dal Ministero del Lavoro e delle Politiche Sociali (MLPS)\u00a0 per cercare di fronteggiare i gravi e alti tassi di disoccupazione giovanile e in risposta ad un pi\u00f9 organico e sistematico processo di riforma del mercato del lavoro (Legge 183\/2014 &#8211; D. Lgs. 81\/2015 e smi) e della scuola (L. 107\/2015).<\/p>\t\t\t\t\t\t\t\t<\/div>\n\t\t\t\t<\/div>\n\t\t\t\t\t<\/div>\n\t\t\t\t<\/div>\n\t\t<div class=\"elementor-element elementor-element-169a082 e-grid e-con-boxed e-con e-parent\" data-id=\"169a082\" data-element_type=\"container\" data-e-type=\"container\">\n\t\t\t\t\t<div class=\"e-con-inner\">\n\t\t\t\t<div class=\"elementor-element elementor-element-49705b6 elementor-widget elementor-widget-image\" data-id=\"49705b6\" data-element_type=\"widget\" data-e-type=\"widget\" data-widget_type=\"image.default\">\n\t\t\t\t<div class=\"elementor-widget-container\">\n\t\t\t\t\t\t\t\t\t\t\t\t\t\t\t<img fetchpriority=\"high\" decoding=\"async\" width=\"418\" height=\"300\" src=\"https:\/\/enaip.it\/wp-content\/uploads\/2024\/11\/GDS_0881.jpg\" class=\"attachment-large size-large wp-image-1690\" alt=\"\" \/>\t\t\t\t\t\t\t\t\t\t\t\t\t\t\t<\/div>\n\t\t\t\t<\/div>\n\t\t\t\t<div class=\"elementor-element elementor-element-877a695 elementor-widget elementor-widget-image\" data-id=\"877a695\" data-element_type=\"widget\" data-e-type=\"widget\" data-widget_type=\"image.default\">\n\t\t\t\t<div class=\"elementor-widget-container\">\n\t\t\t\t\t\t\t\t\t\t\t\t\t\t\t<img decoding=\"async\" width=\"418\" height=\"300\" src=\"https:\/\/enaip.it\/wp-content\/uploads\/2024\/11\/GDS_2500-BN.jpg\" class=\"attachment-large size-large wp-image-1689\" alt=\"\" \/>\t\t\t\t\t\t\t\t\t\t\t\t\t\t\t<\/div>\n\t\t\t\t<\/div>\n\t\t\t\t<div class=\"elementor-element elementor-element-b32c8a2 elementor-widget elementor-widget-image\" data-id=\"b32c8a2\" data-element_type=\"widget\" data-e-type=\"widget\" data-widget_type=\"image.default\">\n\t\t\t\t<div class=\"elementor-widget-container\">\n\t\t\t\t\t\t\t\t\t\t\t\t\t\t\t<img decoding=\"async\" width=\"418\" height=\"300\" src=\"https:\/\/enaip.it\/wp-content\/uploads\/2024\/11\/iStock_virtual_touch.jpg\" class=\"attachment-large size-large wp-image-1688\" alt=\"\" \/>\t\t\t\t\t\t\t\t\t\t\t\t\t\t\t<\/div>\n\t\t\t\t<\/div>\n\t\t\t\t\t<\/div>\n\t\t\t\t<\/div>\n\t\t<div class=\"elementor-element elementor-element-de9a898 e-flex e-con-boxed e-con e-parent\" data-id=\"de9a898\" data-element_type=\"container\" data-e-type=\"container\">\n\t\t\t\t\t<div class=\"e-con-inner\">\n\t\t\t\t\t<\/div>\n\t\t\t\t<\/div>\n\t\t<div class=\"elementor-element elementor-element-67d8ace e-flex e-con-boxed e-con e-parent\" data-id=\"67d8ace\" data-element_type=\"container\" data-e-type=\"container\">\n\t\t\t\t\t<div class=\"e-con-inner\">\n\t\t\t\t\t<\/div>\n\t\t\t\t<\/div>\n\t\t<div class=\"elementor-element elementor-element-f52e785 e-flex e-con-boxed e-con e-parent\" data-id=\"f52e785\" data-element_type=\"container\" data-e-type=\"container\">\n\t\t\t\t\t<div class=\"e-con-inner\">\n\t\t<div class=\"elementor-element elementor-element-5f8aca2 e-con-full e-flex e-con e-child\" data-id=\"5f8aca2\" data-element_type=\"container\" data-e-type=\"container\">\n\t\t\t\t<div class=\"elementor-element elementor-element-8a1bae6 elementor-widget elementor-widget-image\" data-id=\"8a1bae6\" data-element_type=\"widget\" data-e-type=\"widget\" data-widget_type=\"image.default\">\n\t\t\t\t<div class=\"elementor-widget-container\">\n\t\t\t\t\t\t\t\t\t\t\t\t\t\t\t<img loading=\"lazy\" decoding=\"async\" width=\"1024\" height=\"683\" src=\"https:\/\/enaip.it\/wp-content\/uploads\/2024\/11\/1B_nazionale_orizz-1.jpg\" class=\"attachment-large size-large wp-image-1676\" alt=\"\" \/>\t\t\t\t\t\t\t\t\t\t\t\t\t\t\t<\/div>\n\t\t\t\t<\/div>\n\t\t\t\t<\/div>\n\t\t<div class=\"elementor-element elementor-element-b033fe3 e-con-full e-flex e-con e-child\" data-id=\"b033fe3\" data-element_type=\"container\" data-e-type=\"container\">\n\t\t\t\t<div class=\"elementor-element elementor-element-d613383 elementor-widget elementor-widget-image\" data-id=\"d613383\" data-element_type=\"widget\" data-e-type=\"widget\" data-widget_type=\"image.default\">\n\t\t\t\t<div class=\"elementor-widget-container\">\n\t\t\t\t\t\t\t\t\t\t\t\t\t\t\t<img loading=\"lazy\" decoding=\"async\" width=\"1024\" height=\"683\" src=\"https:\/\/enaip.it\/wp-content\/uploads\/2024\/11\/4_rivistaFL.jpg\" class=\"attachment-large size-large wp-image-1681\" alt=\"\" \/>\t\t\t\t\t\t\t\t\t\t\t\t\t\t\t<\/div>\n\t\t\t\t<\/div>\n\t\t\t\t<\/div>\n\t\t\t\t\t<\/div>\n\t\t\t\t<\/div>\n\t\t\t\t<\/div>\n\t\t","protected":false},"excerpt":{"rendered":"<p>Il modello formativo di ENAIP La forza di ENAIP \u00e8 la sua capacit\u00e0 di coniugare l\u2019innovazione metodologica e gli approcci [&hellip;]<\/p>\n","protected":false},"author":2,"featured_media":0,"parent":0,"menu_order":0,"comment_status":"closed","ping_status":"closed","template":"","meta":{"site-sidebar-layout":"default","site-content-layout":"","ast-site-content-layout":"","site-content-style":"default","site-sidebar-style":"default","ast-global-header-display":"","ast-banner-title-visibility":"","ast-main-header-display":"","ast-hfb-above-header-display":"","ast-hfb-below-header-display":"","ast-hfb-mobile-header-display":"","site-post-title":"disabled","ast-breadcrumbs-content":"","ast-featured-img":"","footer-sml-layout":"","theme-transparent-header-meta":"","adv-header-id-meta":"","stick-header-meta":"","header-above-stick-meta":"","header-main-stick-meta":"","header-below-stick-meta":"","astra-migrate-meta-layouts":"default","ast-page-background-enabled":"default","ast-page-background-meta":{"desktop":{"background-color":"var(--ast-global-color-4)","background-image":"","background-repeat":"repeat","background-position":"center center","background-size":"auto","background-attachment":"scroll","background-type":"","background-media":"","overlay-type":"","overlay-color":"","overlay-opacity":"","overlay-gradient":""},"tablet":{"background-color":"","background-image":"","background-repeat":"repeat","background-position":"center center","background-size":"auto","background-attachment":"scroll","background-type":"","background-media":"","overlay-type":"","overlay-color":"","overlay-opacity":"","overlay-gradient":""},"mobile":{"background-color":"","background-image":"","background-repeat":"repeat","background-position":"center center","background-size":"auto","background-attachment":"scroll","background-type":"","background-media":"","overlay-type":"","overlay-color":"","overlay-opacity":"","overlay-gradient":""}},"ast-content-background-meta":{"desktop":{"background-color":"var(--ast-global-color-5)","background-image":"","background-repeat":"repeat","background-position":"center center","background-size":"auto","background-attachment":"scroll","background-type":"","background-media":"","overlay-type":"","overlay-color":"","overlay-opacity":"","overlay-gradient":""},"tablet":{"background-color":"var(--ast-global-color-5)","background-image":"","background-repeat":"repeat","background-position":"center center","background-size":"auto","background-attachment":"scroll","background-type":"","background-media":"","overlay-type":"","overlay-color":"","overlay-opacity":"","overlay-gradient":""},"mobile":{"background-color":"var(--ast-global-color-5)","background-image":"","background-repeat":"repeat","background-position":"center center","background-size":"auto","background-attachment":"scroll","background-type":"","background-media":"","overlay-type":"","overlay-color":"","overlay-opacity":"","overlay-gradient":""}},"footnotes":""},"class_list":["post-1616","page","type-page","status-publish","hentry"],"rttpg_featured_image_url":null,"rttpg_author":{"display_name":"Irene Bertucci","author_link":"https:\/\/enaip.it\/?author=2"},"rttpg_comment":0,"rttpg_category":null,"rttpg_excerpt":"Il modello formativo di ENAIP La forza di ENAIP \u00e8 la sua capacit\u00e0 di coniugare l\u2019innovazione metodologica e gli approcci [&hellip;]","_links":{"self":[{"href":"https:\/\/enaip.it\/index.php?rest_route=\/wp\/v2\/pages\/1616","targetHints":{"allow":["GET"]}}],"collection":[{"href":"https:\/\/enaip.it\/index.php?rest_route=\/wp\/v2\/pages"}],"about":[{"href":"https:\/\/enaip.it\/index.php?rest_route=\/wp\/v2\/types\/page"}],"author":[{"embeddable":true,"href":"https:\/\/enaip.it\/index.php?rest_route=\/wp\/v2\/users\/2"}],"replies":[{"embeddable":true,"href":"https:\/\/enaip.it\/index.php?rest_route=%2Fwp%2Fv2%2Fcomments&post=1616"}],"version-history":[{"count":34,"href":"https:\/\/enaip.it\/index.php?rest_route=\/wp\/v2\/pages\/1616\/revisions"}],"predecessor-version":[{"id":3130,"href":"https:\/\/enaip.it\/index.php?rest_route=\/wp\/v2\/pages\/1616\/revisions\/3130"}],"wp:attachment":[{"href":"https:\/\/enaip.it\/index.php?rest_route=%2Fwp%2Fv2%2Fmedia&parent=1616"}],"curies":[{"name":"wp","href":"https:\/\/api.w.org\/{rel}","templated":true}]}}